?
19
Let s(n) = 2*n**2 - n + 1. Let u be s(1). Suppose 0 = p + u*w - 13, 0 = -p - 0*w + 4*w - 11. Calculate the remainder when p is divided by 3.
2
Let p(s) = s + 1. Let z be p(5). What is the remainder when (z - 5)/(1/51) is divided by 13?
12
Let t(p) = -p**3 - p + 23. Calculate the remainder when 80 is divided by t(0).
11
Suppose 3*d - 9 = -0. Let s(w) = 5 - 4*w**d - 2*w + 5*w**3 + w + 6*w**2. Calculate the remainder when 32 is divided by s(-6).
10
Suppose -6*o + 8*o - 28 = 0. What is the remainder when o is divided by 5?
4
Let q(r) = 3*r**2. Let z be q(1). Suppose -7*f + 20 = -z*f. Let d(s) = -s**2 - 8*s - 4. What is the remainder when d(-6) is divided by f?
3
Let l = -29 - -49. Let q = -127 + 186. What is the remainder when q is divided by l?
19
Suppose -10 = -5*c, -l + c + 2 = -48. Let r = l - 35. Suppose -3*n = 2*f - 97, 4*n + 6 = 2. Calculate the remainder when f is divided by r.
16
Suppose 65 = 4*i - 83. What is the remainder when i is divided by 10?
7
Suppose 0 = -h + 7 - 2. Suppose 0 = -4*c, -k + 5 = h*c - 5. Let j = 12 + 6. Calculate the remainder when j is divided by k.
8
Suppose -3*k - 2*h = h, -3*k + h = 20. Calculate the remainder when (4/6)/(k/(-15)) is divided by 1.
0
Suppose -18 = -n + 3. Suppose -r = 2 - n. What is the remainder when 74 is divided by r?
17
Let y = -17 - -27. Let p(v) be the third derivative of v**4/24 - v**2. Calculate the remainder when y is divided by p(4).
2
Let h = 24 + 9. What is the remainder when h is divided by 9?
6
Suppose -3*c - 32 = -3*s + 2*c, 0 = 3*s - 2*c - 20. Suppose -s*b - 13 = 5*g - 40, -21 = -5*g - 2*b. What is the remainder when 7 is divided by g?
1
Suppose -32*h + 36*h = 64. What is the remainder when 30 is divided by h?
14
Suppose -3*l - 2*l - 40 = 0. Suppose 61 = 2*p - r, 4*r + 10 + 17 = p. Calculate the remainder when p is divided by 2/2*-2*l.
15
Suppose -q - q = -5*v + 82, -3*v = 3*q - 45. What is the remainder when 47 is divided by v?
15
Suppose 0 = 4*k - 3*c - 45, 0 = 4*k - 0*c + 2*c - 30. What is the remainder when k is divided by 3?
0
Let i be 40/6*(-18)/(-4). Let r = i - 20. What is the remainder when 18 is divided by r?
8
Suppose 3 - 35 = -o. Suppose -2*z - d = z + o, 5*d - 20 = 5*z. Calculate the remainder when 2 is divided by 12/z*3/(-2).
0
Let k(g) = g**2 + 3*g**2 - 3*g + 1 + 0*g**2. What is the remainder when k(-3) is divided by 12?
10
Let v(z) = 14*z**2 + z + 1. Calculate the remainder when 25 is divided by v(-1).
11
Let d(b) be the second derivative of -3*b**5/5 + b**4/6 - b**2/2 + 5*b. What is the remainder when d(-1) is divided by 4?
1
Let j = 18 + -6. Let p(l) = 2*l. Let d be p(4). Let n = d + j. Calculate the remainder when 58 is divided by n.
18
Suppose -3*l + 8 = -2*l. Calculate the remainder when 116/8 - (-1)/2 is divided by l.
7
Let j = -1 - -2. Suppose -2*u + 2 = 2*t, -2*u - u + j = 4*t. Calculate the remainder when 16 is divided by (2/1)/(t/(-9)).
7
Suppose 0*q + q = 4*y - 278, 3*q = 2*y - 144. What is the remainder when y is divided by 36?
33
Let k(n) = n**3 + 7*n**2 - 1. Let g be k(-6). Calculate the remainder when 61 is divided by (-10)/g - (-149)/7.
19
Let v = -11 - -17. Calculate the remainder when v is divided by 3.
0
Let i be (-9)/(-2)*10/15. Suppose 5*f - 61 = -i*v - 18, -v + 4*f = 14. What is the remainder when 1 - 2 - 0 - -12 is divided by v?
5
Let p(o) = -o**2 + 6. Let a = 2 - 2. What is the remainder when ((-2)/2)/((5/11)/(-5)) is divided by p(a)?
5
Suppose 3*a = -a - 12. Calculate the remainder when a/(-9) - (-14)/3 is divided by 3.
2
Let s(x) = -5*x - 1. Suppose 4*j = -y - 0 - 1, y + 1 = 3*j. Let u(p) = -2*p**3 - 4*p**2 + 6. Calculate the remainder when u(-2) is divided by s(y).
2
Suppose -4*h + 84 = -2*u, -4*h + 0*u + 68 = 2*u. What is the remainder when 73 is divided by h?
16
Let x = 39 + -23. Calculate the remainder when 12/(-1)*(-5)/2 is divided by x.
14
Suppose -4*y = -3*o + 2 + 18, 0 = 5*y + 10. Let l = -2 + o. Calculate the remainder when 36 is divided by -3*26/(-12)*l.
10
Calculate the remainder when 2280/48*2*1 is divided by 32.
31
What is the remainder when 10748/60 + (-10)/75 is divided by 26?
23
Suppose -2*y + 23 = 4*u - 1, -2*u = -5*y + 12. Suppose 0 = -y*s - 4*f + 48, 0 = -0*s - 5*s + 4*f + 15. Calculate the remainder when 12 is divided by s.
5
Suppose -l + 60 = 4*l. What is the remainder when 41 is divided by l?
5
Let i = -48 - -85. Calculate the remainder when i is divided by 19.
18
Suppose 0 = -w + 2 - 8. Suppose 2 - 6 = -2*b. Calculate the remainder when (4/2)/((-4)/w) is divided by b.
1
Suppose 0 = 4*k - 3*k - 10. Let b(h) = h - 5. Calculate the remainder when k is divided by b(9).
2
Suppose 3*u - 37 = -a, -6*a + 4*a + 2 = 0. Let d(l) = -6*l**3 + 2*l**2 + 8*l - 5. Let j be d(5). Calculate the remainder when 45 is divided by 2/u - j/42.
13
Let d(r) = -r**3 - 10*r**2 + 11*r + 12. What is the remainder when d(-11) is divided by 7?
5
Let o = -45 - -73. Suppose -2*a = -0*a - o. Calculate the remainder when 53 is divided by a.
11
Let o = -10 - -17. Suppose 2*q = -3*z + 19, 0*q - 4*q = -3*z + o. Calculate the remainder when 3 is divided by q.
1
Suppose 0 = -0*z + z + 4*x + 19, 2*x + 10 = 0. Calculate the remainder when (-411)/(-12) - z/4 is divided by 9.
7
Let o = 190 - 130. What is the remainder when o is divided by 32?
28
Let u = 12 - -19. What is the remainder when u is divided by ((-4)/(-10))/((-2)/(-80))?
15
Let u(n) = n**2 - 7*n - 11. Let h = 21 - 10. What is the remainder when h is divided by u(9)?
4
Let n be 1 - (-3 - -11)/(-4). Suppose n = -2*d + 19. Calculate the remainder when -1*(1 + -14) - -2 is divided by d.
7
Calculate the remainder when ((-2)/(0 + -2))/((-6)/(-426)) is divided by -18*(-1 - (-1)/3).
11
Let l be 37/4 - (-2)/(-8). Suppose 3*v = 23 + 55. Calculate the remainder when v is divided by (l - 3)*6/4.
8
Let z = -3 + 3. Let l(i) = i**3 - i**2 + 3. Let g be l(z). Suppose -a + 4*a = 2*u + 44, 54 = 3*a + g*u. What is the remainder when 31 is divided by a?
15
Suppose 6*k - 58 = 146. Let s = 2 - -10. Calculate the remainder when k is divided by s.
10
What is the remainder when 5*(-2 + 73/5) is divided by 8?
7
Suppose 2*z = 47 - 17. Suppose -h + z = 4*h. Suppose 14*j - 70 = 4*j. Calculate the remainder when j is divided by h.
1
Let s(u) = 2*u + 3. Let q be s(-2). Suppose 0 = -v + 5 - 0. Calculate the remainder when v is divided by 24/4 - (4 + q).
2
Let u = -16 - -60. Suppose r = 3*r - u. What is the remainder when r is divided by 12?
10
Let r = -2 + -8. Let h = r + 32. What is the remainder when h is divided by 6?
4
Suppose h + 4*h - 490 = 0. Calculate the remainder when h/5 - (-8)/20 is divided by (-2 - (-3)/1) + 6.
6
Suppose 3*c + 7 = -2. What is the remainder when 2 is divided by c/(-4) - 5/(-20)?
0
Suppose -2*f - 5*x = -15, -2*f = -x - x - 36. Calculate the remainder when 71 is divided by f.
11
Let s = -40 + 27. Let j = -10 - s. Let k = -3 + 8. What is the remainder when k is divided by j?
2
Suppose 0 = g - 3*q + 1 - 3, -4*g = 3*q - 38. What is the remainder when 21 is divided by g?
5
Let d = -78 + 97. What is the remainder when 37 is divided by d?
18
Let r = -12 + 12. Let c = 12 - r. What is the remainder when 23 is divided by c?
11
Let w be (2/(-6))/(1/(-9)). Let v = 46 + w. What is the remainder when v is divided by 13?
10
Let d = -5 - -8. Suppose 13 + d = -4*x. Let w = x + 6. What is the remainder when 4 is divided by w?
0
Let v(n) = 10*n**2 + n - 2. Let k be v(2). Suppose -x + 4*d + 20 = 0, -4*x - d + 6 = -k. Calculate the remainder when 22 is divided by x.
10
Let g(m) = 12*m + 77. What is the remainder when 18 is divided by g(-6)?
3
Let w be 8/(-20) - (-57)/5. Suppose -4*z + 1 = -w. Calculate the remainder when ((-9)/6)/(z/(-40)) is divided by 11.
9
Let x(w) = -5*w + 3*w + w**2 + 2*w + 5. Calculate the remainder when x(0) is divided by (-2)/7 - (-23)/7.
2
Suppose -2*s + 8 = 2*s. What is the remainder when 3 is divided by s?
1
Let x = -4 + 4. Suppose -2*j + 16 - 6 = x. Let y(d) = -d**2 + 6*d + 2. What is the remainder when y(j) is divided by 4?
3
Suppose -4*d - 4 + 28 = 0. Suppose 2*x = d*x - 20. Let u(b) = b**2 - 5*b - 3. What is the remainder when x is divided by u(6)?
2
Let v(g) = -2*g**3 - 3*g**2 + g + 3. Calculate the remainder when v(-3) is divided by (1 + -2)/(-1) - -13.
13
Suppose -s + 5*s - 80 = 0. 